3*d + 131. Let a be i(-14). Let k(t) = t**2 + 10*t + 114. What are the prime factors of k(a)?
7, 59
Suppose 4*s - 6 - 26 = 0. Let m(l) = -l**3 + 7*l**2 + 9*l + 1. Let g be m(s). Suppose 5 = v - 2*i, -i = v - 2 - g. What are the prime factors of v?
3
Suppose 51*f - 381040 = -37*f. List the prime factors of f.
2, 5, 433
Suppose -4*m - 300 = -4*t, 27*m - 31*m = -16. List the prime factors of 5 - (2 + -5)*t.
2, 11
Let x = 3116 + 484. List the prime factors of x.
2, 3, 5
Suppose -22599 = -3*i + 4*x, 0 = 4*i + x + 2*x - 30132. List the prime factors of i.
3, 31
Let p be (8 + -11)*(-7)/3. Suppose 323 = p*c - 1469. List the prime factors of c.
2
Let i(l) = 132*l**2 + 33*l + 71. Let n be i(-2). Suppose 5*w + 4*q = 2560, -w - 9*q + n = -4*q. What are the prime factors of w?
2, 127
Suppose 3*c - c - 2 = 5*l, -5*l - 4*c + 4 = 0. Suppose l*b + b = 3. Suppose 32 = 3*k - 2*d - 85, -32 = -k + b*d. What are the prime factors of k?
41
What are the prime factors of 42 - 43 - ((-11417 - 2) + (1 - 1))?
2, 3, 11, 173
Suppose 0 = -2*b + 2*t + 1182, 1139 + 619 = 3*b + 2*t. List the prime factors of b.
2, 3, 7
Suppose -j + 133 = -0*d + 2*d, 44 = d - 4*j. Suppose n = 5*q + 57, n - d = -3*q + q. Let k = -37 + n. What are the prime factors of k?
5
Let h = 183 - 183. Suppose h = 5*d - 2030 - 605. What are the prime factors of d?
17, 31
Let b be (1 - 1) + (-6244)/(-28). Let l = b + -187. List the prime factors of l.
2, 3
Suppose -6*v + 3*v - 96699 = -3*t, 0 = 3*t - 4*v - 96699. What are the prime factors of t?
32233
Suppose -5 = 6*n - 155. Let s(z) = 2*z**2 - 23*z - 47. List the prime factors of s(n).
2, 157
What are the prime factors of 2/25 - (-184221747)/20975?
8783
Suppose 139*x + 14342 = 467939 + 148690. What are the prime factors of x?
7, 619
Suppose 0 = -132*o + 1346786 + 2299318. What are the prime factors of o?
2, 7, 1973
Let p = 20 + -17. Let g(t) = -180*t - 1. Let n be g(-1). Suppose 0 = 5*z + 2*a - n, a = -5*z - p*a + 173. What are the prime factors of z?
37
Let k(v) = 3*v**2 + 5*v + 44. Let u be k(-11). Let c = 499 + u. What are the prime factors of c?
23, 37
Suppose -3*f - 2*l = 2623, -2*f + 2*l + 3494 = -6*f. Let u = 1354 + f. List the prime factors of u.
3, 7, 23
List the prime factors of ((-92078)/(-56))/(4/16).
6577
Let s = -200 + 173. Let q = 62 + s. List the prime factors of q.
5, 7
Let m = -546 + 2144. Suppose -290 = 2*s - m. List the prime factors of s.
2, 3, 109
Suppose 4*a = -n - 19 + 20, 0 = -a + 4*n - 4. Suppose -648*m + 651*m - 507 = a. What are the prime factors of m?
13
Let t(n) = 116*n**2 + n - 3. Let a be t(1). Let l = a - 35. List the prime factors of l.
79
Let m = -326 - -154. Let t = -161 - m. List the prime factors of t.
11
Let u(z) = 593*z + 5506. List the prime factors of u(11).
23, 523
Let i(g) = 2*g**3 - 7*g**2 - 11*g - 6. Let f be i(12). Suppose -5*b + b - 4*y = -3080, -3*b = -3*y - f. Suppose 5*n = 12*n - b. What are the prime factors of n?
2, 5, 11
Let n(y) = -5*y - 37. Let a be n(-8). Suppose k = 2*i - 4, -a*k = 2*i + 2*i + 12. What are the prime factors of k + -1 + 477/3?
2, 7, 11
Let l(d) = -d**2 + 7*d + 3. Let i be l(8). Let x = i + 7. What are the prime factors of (1 - (-10)/x)*276/24?
3, 23
Let w(d) = 13*d**2 - 4*d + 536. Let x(k) = -4*k**2 + k - 179. Let s(t) = -4*w(t) - 14*x(t). List the prime factors of s(0).
2, 181
Suppose -3*y + 18 = -3*v, 26 = -5*v + 2*y - y. Let t be (v - -1)/(-4) - -4. Suppose 4*d - 20 = 0, -8*w - 2*d + 223 = -t*w. What are the prime factors of w?
71
Suppose -12 = -2*b - 4*o, -2*b - 2*o + 7 = -3*o. Let z be (-4)/(-4*1) - b - -8. Suppose -n - 481 = -z*v, 386 = 7*v - 3*v - 2*n. List the prime factors of v.
2, 3
Let k = 29 - 27. Suppose -4*o = k*z - 220, -5*z - 36 = 4*o - 574. List the prime factors of z.
2, 53
Suppose -15*d = -14*d + 5*u - 1832, 0 = -3*u - 0*u. List the prime factors of d.
2, 229
Let k(w) = 12*w - 279. Let c be (309/(-9) + 3)*(-18)/12. What are the prime factors of k(c)?
3, 5, 19
Let p(i) = -1 - 1 + 9*i - 10*i - 1. Let h be p(-6). Suppose -h*c - 3*j + 31 = -248, 0 = -c - 2*j + 91. List the prime factors of c.
5, 19
Let d(n) = -19*n**2 - 5*n**3 + 2*n**3 + 5*n**3 - 3*n**3 - 1262 - 5*n + 1203. What are the prime factors of d(-21)?
2, 29
Let b = -56 + 58. Suppose b*w = -6 + 6. Suppose 2*n = -4*p + 186, 3*p - 2*n = -w*n + 157. What are the prime factors of p?
7
Let b = -1 - -8. Suppose 0*p = -4*a - 3*p - b, -2*a = p + 3. Let r(y) = -69*y**3 + 2*y**2 + y. What are the prime factors of r(a)?
2, 5, 7
Let y(k) = k**3 + 4*k**2 - 8*k + 10. Let g be y(-8). Let s = g - -333. What are the prime factors of s?
151
Suppose 18245 = 46*s - 1765. What are the prime factors of 1078/(-33)*s/(-10)?
7, 29
Let w(i) = 4*i - 25. Suppose 2*p - 2*n = -0*n + 12, 0 = 4*p - 3*n - 28. Let r be w(p). Let h = r + -11. What are the prime factors of h?
2
Suppose -765*c = -759*c - 7386. List the prime factors of c.
1231
Suppose -3*l + 27 = -45. Suppose 0 = -7*f + 15*f + l. List the prime factors of (140 - -3) + (1 + 8)/f.
2, 5, 7
Suppose -15 = 2*b - 19, 0 = 4*v - 3*b + 66. List the prime factors of 324/v*(-2 + -3).
2, 3
Let x(z) = z - 6. Let c be x(-9). Let n(q) = q - 2. Let r(m) = -m - 42. Let k(i) = -5*n(i) - r(i). List the prime factors of k(c).
2, 7
Let p(g) = 3*g - g**2 + 14*g + 2 - 3*g. Let s be p(14). Suppose -s*z + 2*o = -88, 3*o - 115 + 37 = -2*z. List the prime factors of z.
2, 3, 7
Suppose 0*o - 5*g - 270 = -5*o, 2*g = 3*o - 159. Let v(x) = -x**3 - 17*x**2 - 45*x - 131. Let j be v(-15). Let r = j - o. List the prime factors of r.
43
Suppose -10*n = -2*n - 257717 - 78371. List the prime factors of n.
43, 977
Let a be (5566/(-8))/(21/(-84)). Suppose -3*m = -3*z + 5016, -2*z = -4*m - 571 - a. What are the prime factors of z?
1667
Let q(g) = g**2 - 5*g + 13. Let t be q(5). Let i = t - 11. Suppose -i*j = 25 - 135. What are the prime factors of j?
5, 11
List the prime factors of -8*(-2044285)/390 - 62/1209.
2, 3, 29, 241
Let y be (446/2)/(2 + 35/(-21)). Let p = -471 + y. List the prime factors of p.
2, 3, 11
Suppose 4*c + 188 = -4*v, -v = -2*c + v - 114. Let w = c + 75. Let r = 47 - w. List the prime factors of r.
2, 3
Let z = -85933 + 122355. List the prime factors of z.
2, 18211
Let m(s) = 6*s**2 + 57. Let g be m(-11). Suppose 437 = 4*q + w - 612, 0 = 3*q - 3*w - g. What are the prime factors of q?
2, 131
Let s be 8702/16 - 11/(-88). Suppose 0 = -i - a + s, 8*i - 2156 = 4*i + a. List the prime factors of i.
2, 3, 5
Let m(c) = 39*c + 45. Let i be m(8). Let g = i - 56. List the prime factors of g.
7, 43
Let u(y) = 27*y**2 + 37 - 3*y**3 + 11*y - y + 2*y**3 - 2*y. List the prime factors of u(27).
11, 23
Let b(m) = -60*m + 4565. List the prime factors of b(-128).
5, 31, 79
Let d = 447 + -444. Suppose -4*f + d*n = -524, -2*f - 5*n = -f - 154. List the prime factors of f.
2, 67
Let x be 129/24 + (-90)/240. Suppose -b - x*m + 1261 = 0, 3*m - 66 = b - 1351. List the prime factors of b.
2, 11, 29
Let a(o) = 33*o**2 - 8*o - 233. What are the prime factors of a(16)?
8087
What are the prime factors of 144/384 - (-66413)/8?
2, 7, 593
Let l be -1 - -28 - (4 + 6/(-3)). List the prime factors of 3586/10 + 10/l.
359
Let s(o) = 1248*o - 2820. What are the prime factors of s(26)?
2, 3, 823
Suppose -5*m = -16 + 1, q - 3*m = -24. Let p be 8720/654*-1*9/(-6). List the prime factors of (-1458)/q - 4/p.
97
Suppose -22*w - 37*w - 13535 + 37135 = 0. List the prime factors of w.
2, 5
Let q(c) = 26*c - 54. Let b be q(-4). List the prime factors of 1/((-2)/b) - (-263 + 257).
5, 17
Suppose -2*f + 1 - 31 = 5*z, 2*f = -3*z - 22. What are the prime factors of (-2 + -1)/(3*z/68)?
17
Suppose 43*b - 32951 = 38*b - m, b = -2*m + 6592. What are the prime factors of b?
2, 5, 659
Suppose -7*k = -16 - 61. What are the prime factors of (k/33 - (-16)/6) + 508?
7, 73
Let v = 2193 - 2183. Let c(p) = -p + 7. Let n(a) = -2*a + 15. Let u(f) = -7*c(f) + 3*n(f). List the prime factors of u(v).
2, 3
Let r(h) = -885*h + 158. Let l be r(-3). Suppose -5*u + 25 = 0, -3060 = -4*y + 3*u + l. What are the prime factors of y?
2, 23
Let s(y) = -2*y**2 - 2*y + 6. Let z(w) = -w**2 + w. Let m(o) = s(o) - 4*z(o). Let f be m(-12). Let h = f + -250. List the prime factors of h.
2, 29
Let v = -896 + 1400. Suppose -v = -22*y + 310. What are the prime factors of y?
37
Let j be 303